{"id":606,"date":"2024-03-19T11:51:20","date_gmt":"2024-03-19T10:51:20","guid":{"rendered":"https:\/\/virginietauteure.com\/?post_type=product&#038;p=606"},"modified":"2025-10-29T13:33:19","modified_gmt":"2025-10-29T12:33:19","slug":"asty-jones","status":"publish","type":"product","link":"https:\/\/virginietauteure.com\/?product=asty-jones","title":{"rendered":"Asty Jones"},"content":{"rendered":"<div class=\"a-expander-content a-expander-partial-collapse-content\" aria-expanded=\"false\">\n<h4><span class=\"a-text-bold\">Je m&rsquo;appelle Asty Jones et je suis une Traqueuse de D\u00e9mons<\/span><\/h4>\n<p>Enfin, je le serais si ma m\u00e8re voulait bien me confier une mission. Elle me r\u00e9p\u00e8te sans cesse que ce n&rsquo;est pas une vie, qu&rsquo;elle souhaite mieux pour sa fille. Ce qu&rsquo;elle n&rsquo;a pas compris? J&rsquo;ai la traque dans les veines et le combat dans le sang. Je lui prouverais que je suis capable de prendre la rel\u00e8ve. Cette recherche d&rsquo;informations est bien plus complexe que pr\u00e9vu. Je vais r\u00e9soudre le myst\u00e8re de ces disparitions et plus jamais ma m\u00e8re ne pourra douter de moi. \u00c0 condition que je survive \u00e0 ce qui se trame dans l&rsquo;ombre, bien entendu.<\/p><\/div>\n","protected":false},"excerpt":{"rendered":"<p>Je m&rsquo;appelle Asty Jones et je suis une Traqueuse de D\u00e9mons Enfin, je le serais si ma m\u00e8re voulait bien me confier une mission. Elle me r\u00e9p\u00e8te sans cesse que &hellip; <\/p>\n","protected":false},"featured_media":607,"comment_status":"open","ping_status":"closed","template":"","meta":[],"product_brand":[],"product_cat":[20],"product_tag":[],"class_list":{"0":"post-606","1":"product","2":"type-product","3":"status-publish","4":"has-post-thumbnail","6":"product_cat-livres-broches-fantasy","8":"first","9":"onbackorder","10":"shipping-taxable","11":"purchasable","12":"product-type-simple"},"jetpack-related-posts":[],"jetpack_sharing_enabled":true,"_links":{"self":[{"href":"https:\/\/virginietauteure.com\/index.php?rest_route=\/wp\/v2\/product\/606","targetHints":{"allow":["GET"]}}],"collection":[{"href":"https:\/\/virginietauteure.com\/index.php?rest_route=\/wp\/v2\/product"}],"about":[{"href":"https:\/\/virginietauteure.com\/index.php?rest_route=\/wp\/v2\/types\/product"}],"replies":[{"embeddable":true,"href":"https:\/\/virginietauteure.com\/index.php?rest_route=%2Fwp%2Fv2%2Fcomments&post=606"}],"wp:featuredmedia":[{"embeddable":true,"href":"https:\/\/virginietauteure.com\/index.php?rest_route=\/wp\/v2\/media\/607"}],"wp:attachment":[{"href":"https:\/\/virginietauteure.com\/index.php?rest_route=%2Fwp%2Fv2%2Fmedia&parent=606"}],"wp:term":[{"taxonomy":"product_brand","embeddable":true,"href":"https:\/\/virginietauteure.com\/index.php?rest_route=%2Fwp%2Fv2%2Fproduct_brand&post=606"},{"taxonomy":"product_cat","embeddable":true,"href":"https:\/\/virginietauteure.com\/index.php?rest_route=%2Fwp%2Fv2%2Fproduct_cat&post=606"},{"taxonomy":"product_tag","embeddable":true,"href":"https:\/\/virginietauteure.com\/index.php?rest_route=%2Fwp%2Fv2%2Fproduct_tag&post=606"}],"curies":[{"name":"wp","href":"https:\/\/api.w.org\/{rel}","templated":true}]}}