{"id":833,"date":"2025-09-05T12:09:52","date_gmt":"2025-09-05T11:09:52","guid":{"rendered":"https:\/\/virginietauteure.com\/?post_type=product&#038;p=833"},"modified":"2026-04-11T09:50:05","modified_gmt":"2026-04-11T08:50:05","slug":"relie-collector-les-angels-integrale-1-copie","status":"publish","type":"product","link":"https:\/\/virginietauteure.com\/?product=relie-collector-les-angels-integrale-1-copie","title":{"rendered":"Collector les Angel&rsquo;s int\u00e9grale 1"},"content":{"rendered":"<p>Ce collector regroupe les quatre premiers tomes de la saga:<\/p>\n<p>Trop bien pour moi<\/p>\n<p>Pas fait pour moi<\/p>\n<p>Surtout pas toi<\/p>\n<p>Fou de toi<\/p>\n<p>Le reli\u00e9 arbore une couverture cartonn\u00e9e mat avec des motifs argent\u00e9s, un jaspage, des pages de garde et des illustrations int\u00e9rieures dont 4 en couleur<\/p>\n<p>Le broch\u00e9 arbore une couverture souple mat avec des motifs argent\u00e9s, un jaspage et 4 illustrations int\u00e9rieures en couleur<\/p>\n<p>Les collectors seront num\u00e9rot\u00e9s<\/p>\n<p>&nbsp;<\/p>\n<p>Tous les colis contiendront \u00e9galement le marque-pages papier, un marque-pages bijoux et l&rsquo;overlay<\/p>\n<p>&nbsp;<\/p>\n","protected":false},"excerpt":{"rendered":"<p>Ce collector regroupe les quatre premiers tomes de la saga: Trop bien pour moi Pas fait pour moi Surtout pas toi Fou de toi Le reli\u00e9 arbore une couverture cartonn\u00e9e &hellip; <\/p>\n","protected":false},"featured_media":834,"comment_status":"open","ping_status":"closed","template":"","meta":[],"product_brand":[],"product_cat":[31],"product_tag":[],"class_list":{"0":"post-833","1":"product","2":"type-product","3":"status-publish","4":"has-post-thumbnail","6":"product_cat-collector","8":"first","9":"onbackorder","10":"shipping-taxable","11":"purchasable","12":"product-type-variable"},"jetpack-related-posts":[],"jetpack_sharing_enabled":true,"_links":{"self":[{"href":"https:\/\/virginietauteure.com\/index.php?rest_route=\/wp\/v2\/product\/833","targetHints":{"allow":["GET"]}}],"collection":[{"href":"https:\/\/virginietauteure.com\/index.php?rest_route=\/wp\/v2\/product"}],"about":[{"href":"https:\/\/virginietauteure.com\/index.php?rest_route=\/wp\/v2\/types\/product"}],"replies":[{"embeddable":true,"href":"https:\/\/virginietauteure.com\/index.php?rest_route=%2Fwp%2Fv2%2Fcomments&post=833"}],"wp:featuredmedia":[{"embeddable":true,"href":"https:\/\/virginietauteure.com\/index.php?rest_route=\/wp\/v2\/media\/834"}],"wp:attachment":[{"href":"https:\/\/virginietauteure.com\/index.php?rest_route=%2Fwp%2Fv2%2Fmedia&parent=833"}],"wp:term":[{"taxonomy":"product_brand","embeddable":true,"href":"https:\/\/virginietauteure.com\/index.php?rest_route=%2Fwp%2Fv2%2Fproduct_brand&post=833"},{"taxonomy":"product_cat","embeddable":true,"href":"https:\/\/virginietauteure.com\/index.php?rest_route=%2Fwp%2Fv2%2Fproduct_cat&post=833"},{"taxonomy":"product_tag","embeddable":true,"href":"https:\/\/virginietauteure.com\/index.php?rest_route=%2Fwp%2Fv2%2Fproduct_tag&post=833"}],"curies":[{"name":"wp","href":"https:\/\/api.w.org\/{rel}","templated":true}]}}