{"id":974,"date":"2026-02-03T14:29:32","date_gmt":"2026-02-03T13:29:32","guid":{"rendered":"https:\/\/virginietauteure.com\/?post_type=product&#038;p=974"},"modified":"2026-02-04T21:16:07","modified_gmt":"2026-02-04T20:16:07","slug":"uniquement-elle-les-angels-tome-8","status":"publish","type":"product","link":"https:\/\/virginietauteure.com\/?product=uniquement-elle-les-angels-tome-8","title":{"rendered":"Uniquement elle &#8211; Les Angel&rsquo;s tome 8"},"content":{"rendered":"<p><span class=\"a-text-bold\">Parfois, il faut savoir se battre pour ce qui compte.<\/span><\/p>\n<p>Ils disaient m\u2019aimer.<br \/>\nIls m\u2019emp\u00eachaient de vivre.<\/p>\n<p>J\u2019ai quitt\u00e9 les Angel\u2019s pour respirer. Pour survivre \u00e0 des r\u00e8gles \u00e9crites par des hommes qui n\u2019avaient jamais voulu m\u2019entendre. Chez eux, une femme devait suivre, ob\u00e9ir, rester \u00e0 l\u2019arri\u00e8re. Moi, je voulais avancer. Alors je suis partie, sans me retourner.<\/p>\n<p>Je n\u2019avais jamais pr\u00e9vu de revenir.<\/p>\n<p>Puis cette nouvelle a frapp\u00e9 comme une balle dans la poitrine.<br \/>\nEt comme si le destin se moquait de moi, il a fallu que ce soit lui qui vienne me l\u2019annoncer.<\/p>\n<p>Je sais qu\u2019ils ont besoin de moi.<br \/>\nMais je ne suis plus la gamine qui suppliait pour une place.<br \/>\nJe suis une femme qui n\u2019en demande plus aucune.<\/p>\n<p>Si je reste parmi les Angel\u2019s, m\u00eame temporairement, ce sera selon mes r\u00e8gles.<br \/>\nJe ne monte pas derri\u00e8re.<br \/>\nJe conduis.<\/p>\n<p>Qu\u2019ils le veuillent ou non, je suis l\u00e0 pour leur rappeler une v\u00e9rit\u00e9 qu\u2019ils ont toujours refus\u00e9e d\u2019admettre :<br \/>\ncertaines femmes ne sont pas faites pour suivre.<br \/>\nElles sont n\u00e9es pour rouler en t\u00eate.<\/p>\n","protected":false},"excerpt":{"rendered":"<p>Parfois, il faut savoir se battre pour ce qui compte. Ils disaient m\u2019aimer. Ils m\u2019emp\u00eachaient de vivre. J\u2019ai quitt\u00e9 les Angel\u2019s pour respirer. Pour survivre \u00e0 des r\u00e8gles \u00e9crites par &hellip; <\/p>\n","protected":false},"featured_media":972,"comment_status":"open","ping_status":"closed","template":"","meta":[],"product_brand":[],"product_cat":[26],"product_tag":[],"class_list":{"0":"post-974","1":"product","2":"type-product","3":"status-publish","4":"has-post-thumbnail","6":"product_cat-livres-declasses-50","7":"product_shipping_class-declasse-en-shop-to-shop","9":"first","10":"outofstock","11":"shipping-taxable","12":"purchasable","13":"product-type-simple"},"jetpack-related-posts":[],"jetpack_sharing_enabled":true,"_links":{"self":[{"href":"https:\/\/virginietauteure.com\/index.php?rest_route=\/wp\/v2\/product\/974","targetHints":{"allow":["GET"]}}],"collection":[{"href":"https:\/\/virginietauteure.com\/index.php?rest_route=\/wp\/v2\/product"}],"about":[{"href":"https:\/\/virginietauteure.com\/index.php?rest_route=\/wp\/v2\/types\/product"}],"replies":[{"embeddable":true,"href":"https:\/\/virginietauteure.com\/index.php?rest_route=%2Fwp%2Fv2%2Fcomments&post=974"}],"wp:featuredmedia":[{"embeddable":true,"href":"https:\/\/virginietauteure.com\/index.php?rest_route=\/wp\/v2\/media\/972"}],"wp:attachment":[{"href":"https:\/\/virginietauteure.com\/index.php?rest_route=%2Fwp%2Fv2%2Fmedia&parent=974"}],"wp:term":[{"taxonomy":"product_brand","embeddable":true,"href":"https:\/\/virginietauteure.com\/index.php?rest_route=%2Fwp%2Fv2%2Fproduct_brand&post=974"},{"taxonomy":"product_cat","embeddable":true,"href":"https:\/\/virginietauteure.com\/index.php?rest_route=%2Fwp%2Fv2%2Fproduct_cat&post=974"},{"taxonomy":"product_tag","embeddable":true,"href":"https:\/\/virginietauteure.com\/index.php?rest_route=%2Fwp%2Fv2%2Fproduct_tag&post=974"}],"curies":[{"name":"wp","href":"https:\/\/api.w.org\/{rel}","templated":true}]}}