{"id":985,"date":"2026-04-11T09:52:48","date_gmt":"2026-04-11T08:52:48","guid":{"rendered":"https:\/\/virginietauteure.com\/?post_type=product&#038;p=985"},"modified":"2026-04-11T09:52:48","modified_gmt":"2026-04-11T08:52:48","slug":"brule-au-coeur","status":"publish","type":"product","link":"https:\/\/virginietauteure.com\/?product=brule-au-coeur","title":{"rendered":"Br\u00fbl\u00e9 au c\u0153ur"},"content":{"rendered":"<p>Entre mon p\u00e8re et moi, le d\u00e9saccord est une constante qui remonte \u00e0 ma plus tendre enfance. De plus, il s\u2019immisce sans cesse dans ma vie, alors vous comprendrez pourquoi j&rsquo;ai pris cette d\u00e9cision. Ou pas, d&rsquo;ailleurs, mais qu&rsquo;importe. J&rsquo;avais soif de libert\u00e9 et me voil\u00e0 au Mali, dans les rangs de l&rsquo;arm\u00e9e en tant qu&rsquo;infirmi\u00e8re. Je me rends vite compte la difficult\u00e9 de la mission, mais je n&rsquo;abandonnerai pas pour autant. Rien ne me fera changer d&rsquo;avis : ni le militaire acari\u00e2tre qui m&rsquo;a prise en grippe d\u00e8s le premier jour ni le terrorisme qui r\u00f4de dans l&rsquo;ombre, m\u00eame chez ceux que l&rsquo;on pense innocents. Cependant, rien ne se d\u00e9roule comme pr\u00e9vu et ma libert\u00e9 devient vite d\u00e9risoire quand il s&rsquo;agit dor\u00e9navant de sauver ma vie.<\/p>\n","protected":false},"excerpt":{"rendered":"<p>Entre mon p\u00e8re et moi, le d\u00e9saccord est une constante qui remonte \u00e0 ma plus tendre enfance. De plus, il s\u2019immisce sans cesse dans ma vie, alors vous comprendrez pourquoi &hellip; <\/p>\n","protected":false},"featured_media":986,"comment_status":"open","ping_status":"closed","template":"","meta":[],"product_brand":[],"product_cat":[21],"product_tag":[],"class_list":{"0":"post-985","1":"product","2":"type-product","3":"status-publish","4":"has-post-thumbnail","6":"product_cat-livres-broches-romance-contemporaine","8":"first","9":"onbackorder","10":"shipping-taxable","11":"purchasable","12":"product-type-simple"},"jetpack-related-posts":[],"jetpack_sharing_enabled":true,"_links":{"self":[{"href":"https:\/\/virginietauteure.com\/index.php?rest_route=\/wp\/v2\/product\/985","targetHints":{"allow":["GET"]}}],"collection":[{"href":"https:\/\/virginietauteure.com\/index.php?rest_route=\/wp\/v2\/product"}],"about":[{"href":"https:\/\/virginietauteure.com\/index.php?rest_route=\/wp\/v2\/types\/product"}],"replies":[{"embeddable":true,"href":"https:\/\/virginietauteure.com\/index.php?rest_route=%2Fwp%2Fv2%2Fcomments&post=985"}],"wp:featuredmedia":[{"embeddable":true,"href":"https:\/\/virginietauteure.com\/index.php?rest_route=\/wp\/v2\/media\/986"}],"wp:attachment":[{"href":"https:\/\/virginietauteure.com\/index.php?rest_route=%2Fwp%2Fv2%2Fmedia&parent=985"}],"wp:term":[{"taxonomy":"product_brand","embeddable":true,"href":"https:\/\/virginietauteure.com\/index.php?rest_route=%2Fwp%2Fv2%2Fproduct_brand&post=985"},{"taxonomy":"product_cat","embeddable":true,"href":"https:\/\/virginietauteure.com\/index.php?rest_route=%2Fwp%2Fv2%2Fproduct_cat&post=985"},{"taxonomy":"product_tag","embeddable":true,"href":"https:\/\/virginietauteure.com\/index.php?rest_route=%2Fwp%2Fv2%2Fproduct_tag&post=985"}],"curies":[{"name":"wp","href":"https:\/\/api.w.org\/{rel}","templated":true}]}}