{"id":998,"date":"2026-04-16T09:17:59","date_gmt":"2026-04-16T08:17:59","guid":{"rendered":"https:\/\/virginietauteure.com\/?post_type=product&#038;p=998"},"modified":"2026-04-16T10:24:26","modified_gmt":"2026-04-16T09:24:26","slug":"apparences-trompeuses-revival-ink-tome-1","status":"publish","type":"product","link":"https:\/\/virginietauteure.com\/?product=apparences-trompeuses-revival-ink-tome-1","title":{"rendered":"Apparences trompeuses &#8211; Revival Ink tome 1"},"content":{"rendered":"<h4><span class=\"a-text-bold\">Parfois un \u00e9v\u00e8nement anodin est suffisant pour chambouler toute une vie&#8230; <\/span><\/h4>\n<p>Mon sang bouillonne dans mes veines alors que l&rsquo;on me conduit au bureau de mon ami, l&rsquo;inspecteur Dany Fateli. Je n&rsquo;arrive pas \u00e0 croire qu&rsquo;une adolescente ait saccag\u00e9 mon shop. Bordel ! Revival Ink est mon b\u00e9b\u00e9. Personne ne touche \u00e0 mon r\u00eave. Je tr\u00e9pigne dans le commissariat. J&rsquo;ai des ann\u00e9es de ranc\u0153ur \u00e0 \u00e9vacuer au sujet des m\u00e8res d\u00e9missionnaires. Aujourd&rsquo;hui, ma cible est toute trouv\u00e9e. Enfin, j&rsquo;en \u00e9tais persuad\u00e9 jusqu&rsquo;\u00e0 ce que je la rencontre. Gemma Barse. Tr\u00e8s discr\u00e8te, voire effac\u00e9e. Elle s&rsquo;inqui\u00e8te visiblement pour sa fille. Cette femme magnifique fausse tous mes a priori. Je d\u00e9teste \u00eatre d\u00e9rout\u00e9. Elle attise ma curiosit\u00e9. Je d\u00e9sire en apprendre plus sur cette m\u00e8re c\u00e9libataire d&rsquo;une adolescente en pleine r\u00e9bellion. Cependant, il se pourrait bien que ce soit moi que je d\u00e9couvre au bout du chemin.<\/p>\n","protected":false},"excerpt":{"rendered":"<p>Parfois un \u00e9v\u00e8nement anodin est suffisant pour chambouler toute une vie&#8230; Mon sang bouillonne dans mes veines alors que l&rsquo;on me conduit au bureau de mon ami, l&rsquo;inspecteur Dany Fateli. &hellip; <\/p>\n","protected":false},"featured_media":997,"comment_status":"open","ping_status":"closed","template":"","meta":[],"product_brand":[],"product_cat":[25,32],"product_tag":[],"class_list":{"0":"post-998","1":"product","2":"type-product","3":"status-publish","4":"has-post-thumbnail","6":"product_cat-ebook","7":"product_cat-revival-ink","9":"first","10":"instock","11":"downloadable","12":"shipping-taxable","13":"purchasable","14":"product-type-simple"},"jetpack-related-posts":[],"jetpack_sharing_enabled":true,"_links":{"self":[{"href":"https:\/\/virginietauteure.com\/index.php?rest_route=\/wp\/v2\/product\/998","targetHints":{"allow":["GET"]}}],"collection":[{"href":"https:\/\/virginietauteure.com\/index.php?rest_route=\/wp\/v2\/product"}],"about":[{"href":"https:\/\/virginietauteure.com\/index.php?rest_route=\/wp\/v2\/types\/product"}],"replies":[{"embeddable":true,"href":"https:\/\/virginietauteure.com\/index.php?rest_route=%2Fwp%2Fv2%2Fcomments&post=998"}],"wp:featuredmedia":[{"embeddable":true,"href":"https:\/\/virginietauteure.com\/index.php?rest_route=\/wp\/v2\/media\/997"}],"wp:attachment":[{"href":"https:\/\/virginietauteure.com\/index.php?rest_route=%2Fwp%2Fv2%2Fmedia&parent=998"}],"wp:term":[{"taxonomy":"product_brand","embeddable":true,"href":"https:\/\/virginietauteure.com\/index.php?rest_route=%2Fwp%2Fv2%2Fproduct_brand&post=998"},{"taxonomy":"product_cat","embeddable":true,"href":"https:\/\/virginietauteure.com\/index.php?rest_route=%2Fwp%2Fv2%2Fproduct_cat&post=998"},{"taxonomy":"product_tag","embeddable":true,"href":"https:\/\/virginietauteure.com\/index.php?rest_route=%2Fwp%2Fv2%2Fproduct_tag&post=998"}],"curies":[{"name":"wp","href":"https:\/\/api.w.org\/{rel}","templated":true}]}}